 s(b) = -14*b**2 - 9819*b - 128650. Calculate s(-688).
6
Let h(u) = 6*u**3 + 3383*u**2 - 569*u - 2827. Give h(-564).
-7
Let i(s) = -39235*s - 431608. Determine i(-11).
-23
Let t(f) = -2*f**2 - 87*f + 2091. What is t(-54)?
957
Let m(q) = -9*q**2 + 1231*q - 75. Calculate m(139).
-2855
Let z(q) = -74*q + 13448. Calculate z(112).
5160
Let g(v) = -v**3 - 223*v**2 - 5491*v + 8969. Determine g(-30).
-1
Let o(l) = 4*l**2 + 73*l - 1382. Calculate o(-28).
-290
Let n(q) = 36544*q + 1169397. Calculate n(-32).
-11
Let j(p) = p**3 + 2*p**2 - 122*p + 305. Give j(-13).
32
Let m(s) = -s**3 + 7*s**2 + 63*s - 241. Calculate m(11).
-32
Let l(q) = q**3 + 137*q**2 + 8470*q + 1160383. Give l(-137).
-7
Let s(f) = -70*f**2 + 16665*f - 1137. Give s(238).
53
Let a(m) = -12176*m - 1047144. Calculate a(-86).
-8
Let c(g) = -g**2 + 96*g - 724. What is c(9)?
59
Let w(f) = f**2 + 856*f + 6916. What is w(-8)?
132
Let m(k) = k**2 - 479*k - 96785. What is m(632)?
-89
Let z(s) = 2*s**3 - 9*s**2 + 1472*s + 4428. Calculate z(-3).
-123
Let c(u) = -u**3 + 456*u**2 - 48843*u - 996. Determine c(284).
424
Let r(y) = -68*y**2 - 6336*y - 1114. Give r(-93).
2
Let z(p) = 2*p**3 + 5*p**2 - 9*p + 254. Calculate z(-7).
-124
Let w(b) = -4*b**2 - 1161*b - 2955. Determine w(-288).
-363
Let h(r) = -117152*r - 54475682. Calculate h(-465).
-2
Let h(x) = -1819184*x - 7276743. What is h(-4)?
-7
Let t(n) = -n**3 + 194*n**2 - 637*n + 163. Calculate t(3).
-29
Let p(x) = x**3 + 43*x**2 - 18*x - 5. Determine p(-7).
1885
Let q(p) = -5655*p - 56076. What is q(-10)?
474
Let x(d) = -1198*d - 40539. Give x(-34).
193
Let x(j) = j**2 + 3243*j + 326465. What is x(-104)?
9
Let b(n) = -n**3 + 35*n**2 + 31*n - 263. Give b(36).
-443
Let p(w) = -w**3 + 2051*w**2 - 20413*w + 12. What is p(10)?
-18
Let r(j) = 65*j**3 - 839*j**2 - 69*j - 79. What is r(13)?
38
Let h(v) = 13*v**3 + 713*v**2 - 61*v - 186. Give h(-55).
-2881
Let j(n) = n**3 - 8*n**2 + 11314*n - 21. Give j(0).
-21
Let w(m) = m**2 + 1049*m + 77495. Give w(-80).
-25
Let t(k) = -561*k - 99358. What is t(-177)?
-61
Let o(v) = -4*v**3 + 708*v**2 + 719*v - 1088. Give o(178).
158
Let b(v) = -219*v + 2906. What is b(13)?
59
Let a(v) = -22155*v + 310460. Determine a(14).
290
Let d(i) = i**3 + 31*i**2 - 95*i + 71. Give d(-33).
1028
Let i(t) = -t**2 - 340455*t + 1702292. What is i(5)?
-8
Let c(i) = i**3 + 43*i**2 - 314*i - 681. Give c(-49).
299
Let k(i) = 4619*i - 9473570. Give k(2051).
-1
Let o(g) = -g**3 - 391*g**2 - 3433*g + 1921. Give o(-382).
11
Let p(l) = 16*l**2 + 970*l - 6395. Determine p(6).
1
Let x(h) = 43*h - 4709. Give x(132).
967
Let c(k) = -k**2 + 217*k - 4436. What is c(195)?
-146
Let k(t) = -542*t + 7050. Determine k(15).
-1080
Let t(a) = a**2 + 123*a + 546. Calculate t(-113).
-584
Let q(r) = 431*r + 4041. What is q(-9)?
162
Let r(o) = 1534*o**2 + 21486*o + 150. Give r(-14).
10
Let x(y) = 2*y**3 + 289*y**2 - 113*y + 3625. Determine x(-145).
-1015
Let s(u) = -u**3 + 168*u**2 - 477*u - 2992. Calculate s(165).
-22
Let x(q) = -374*q**2 - 4202*q - 1231. Determine x(-11).
-263
Let z(c) = c**3 + 71*c**2 - 776*c - 11410. Calculate z(-79).
-34
Let k(u) = u**3 + 1239*u**2 - 16288*u - 15012. What is k(-1252)?
12
Let k(m) = 38038*m - 456477. Calculate k(12).
-21
Let q(g) = g**3 + 16*g**2 - 36*g - 217. Calculate q(-20).
-1097
Let u(i) = -483*i**3 + 23. What is u(0)?
23
Let u(g) = 203*g**2 - 2*g - 2261. Determine u(0).
-2261
Let m(x) = -18059*x - 1029369. What is m(-57)?
-6
Let t(u) = 2441*u + 90425. Determine t(-37).
108
Let d(y) = -3*y**3 - 124*y**2 + 40*y + 217. What is d(-42)?
2065
Let l(a) = 96*a**2 + 772*a + 75. What is l(-8)?
43
Let z(b) = 41343*b + 826861. Give z(-20).
1
Let j(s) = 4*s**3 - 19*s**2 - 59*s - 1. Calculate j(-8).
-2793
Let i(w) = -3*w**3 + 174*w**2 + 932*w - 85. What is i(-5)?
-20
Let p(b) = -344*b - 19561. Calculate p(-58).
391
Let m(a) = 28*a**2 + 962*a + 114. What is m(-37)?
2852
Let d(c) = -c**2 + 74*c + 2517. Give d(93).
750
Let j(w) = 34*w**2 + 281*w + 605. What is j(-5)?
50
Let n(j) = -422*j**2 - 499240*j - 16584. What is n(-1183)?
-22
Let w(j) = -2*j**2 + 1221*j + 53089. Calculate w(-41).
-334
Let f(y) = 156368*y + 1250979. Determine f(-8).
35
Let i(l) = -2*l**3 - 165*l**2 - 72*l + 887. What is i(-82)?
67
Let g(l) = -l**2 - 4149*l - 2055052. Calculate g(-575).
-2
Let k(v) = -9*v**3 + 1224*v**2 + 2449*v + 4839. Calculate k(138).
9
Let o(u) = -20211*u + 1677522. Determine o(83).
9
Let f(b) = -741*b**2 - 696*b - 693. Determine f(-1).
-738
Let l(a) = -49*a - 85. Give l(5).
-330
Let m(r) = 148*r**2 + 3099*r + 15889. Calculate m(-9).
-14
Let a(l) = 758*l**2 - 12130*l + 17. What is a(16)?
-15
Let r(f) = -6018*f - 1877628. Give r(-312).
-12
Let t(o) = -4*o**3 + 5*o**2 - 56654*o + 56653. Determine t(1).
0
Let p(o) = -o**2 - 1036*o + 17453. Give p(17).
-448
Let u(w) = 6*w**3 - 399*w**2 - 203*w + 113. Give u(67).
-21
Let l(q) = -28*q**3 + 1145*q**2 + 134*q - 334. Determine l(41).
117
Let g(s) = -2*s**2 - 777*s + 57115. Determine g(63).
226
Let d(y) = 5*y**2 + 768*y - 1526. Give d(2).
30
Let a(c) = -c**2 + 62*c + 80. What is a(53)?
557
Let g(i) = 172*i + 23075. Calculate g(-140).
-1005
Let g(n) = 1646*n + 910264. Determine g(-553).
26
Let f(q) = q**2 + 6094*q + 60854. Determine f(-10).
14
Let w(k) = 3*k**3 - 356*k**2 - 485*k + 514. What is w(120)?
-86
Let u(g) = 9*g**2 + 192*g - 551. Determine u(-25).
274
Let r(v) = 974*v**2 - 25348*v - 27. Determine r(26).
-651
Let b(i) = -96808*i + 7163782. What is b(74)?
-10
Let r(d) = 2*d**3 + 200*d**2 - 1057*d + 1. Give r(5).
-34
Let z(t) = -452*t**2 + 6347*t - 6127. Determine z(13).
-4
Let m(z) = 4*z**3 - 31*z**2 - 412*z - 14. Determine m(-6).
478
Let v(j) = -3*j**3 - 157*j**2 - 491*j + 88. Calculate v(-49).
137
Let q(v) = -1334*v - 202764. Calculate q(-152).
4
Let g(j) = 3675*j + 20240. Calculate g(-6).
-1810
Let q(n) = n**3 - 36*n**2 - 860*n - 2071. What is q(53)?
102
Let f(p) = 15*p**3 - 105*p**2 + 14*p - 58. Give f(7).
40
Let b(c) = -3*c**2 + 123*c - 909. Determine b(21).
351
Let j(i) = i**3 - 9*i**2 - 3524*i + 35188. Give j(10).
48
Let s(w) = -2701*w - 345726. What is s(-128)?
2
Let v(u) = -u**3 - 111*u**2 + 77291*u - 318. Give v(-339).
21
Let j(f) = -5*f**3 + 1846*f**2 - 379*f + 3710. Give j(369).
20
Let n(s) = -709*s - 153844. Give n(-217).
9
Let m(u) = -347*u**2 - 83*u + 83. Calculate m(1).
-347
Let g(n) = -335*n + 369. What is g(-2)?
1039
Let g(i) = 3*i**2 + 42*i - 3016. Calculate g(-39).
-91
Let a(m) = m**2 + 3189*m - 2432712. Calculate a(636).
-12
Let f(a) = 34528*a + 310909. Determine f(-9).
157
Let b(s) = 25529*s + 3267722. Calculate b(-128).
10
Let c(o) = -929*o**2 - 7431*o + 14. Determine c(-8).
6
Let c(j) = j**3 + 20*j**2 + 123*j + 343. Determine c(-6).
109
Let m(o) = 85*o**2 + 646*o - 6. What is m(-2)?
-958
Let d(q) = -12*q**3 - 81*q**2 + 82*q + 448. Determine d(-7).
21
Let h(c) = -c**2 + 1274*c + 34146. What is h(-26)?
346
Let z(g) = -g**2 - 1710*g - 11915. Determine z(-7).
6
Let v(i) = i**3 + 127*i**2 - 5088*i - 19. Calculate v(32).
-19
Let n(f) = -f**3 + 15*f**2 + 898*f + 1499. What is n(39)?
17
Let u(z) = -13432*z**2 + 416394*z - 68. Calculate u(31).
-6
Let p(h) = -10*h**2 + 2175*h - 53054. What is p(28)?
6
Let y(n) = -n**3 + 296*n**2 + 76*n - 22478. Give y(296).
18
Let m(d) = -d**3 + 1117*d**2 + 7830*d - 29. Determine m(-7).
237
Let p(k) = k**3 - 17*k**2 + 667*k - 9588. Calculate p(15).
-33
Let g(u) = -341*u + 2433. Calculate g(6).
387
Let d(k) = 6098*k - 487861. Give d(80).
-21
Let l(n) = 168*n**2 + 4088*n + 1343. Calculate l(-24).
-1
Let w(v) = -v**2 - 301*v - 4107. Give w(-14).
-89
Let t(o) = o**3 - 178*o**2 - 3714*o - 5709. Determine t(197).
4
Let p(y) = -2*y**2 - 1638*y + 46033. Give p(28).
-1399
Let k(t) = -t**3 - 12*t**2 + 82*t + 282. Determine k(-16).
-6
Let t(b) = b**2 - 195*b + 9132. Calculate t(83).
-164
Let g(m) = m**3 - 32*m**2 + 444*m - 5742. Give g(14).
-3054
Let g(i) = -307*i + 8137. Determine g(27).
-152
Let u(l) = 98*l**3 + 194*l**2 - 42*l - 40. Calculate u(-2).
36
Let c(j) = -479*j**2 - 16171*j + 3907. What is c(-34)?
-3
Let p(b) = b**3 - 254*b**2 + 1689*b + 9885. Determine p(247).
5
Let j(r) = -28*r**2 - 9903*r - 105553. Determine j(-11).
-8
Let w(h) = 112*h**3 + 3*h**2 + 4*h - 5. Give w(-2).
-897
Let x(n) = 3794*n + 1585909. Give x(-418).
17
Let a(i) = 36*i**3 - 6*